{"id":23,"date":"2026-03-02T20:20:12","date_gmt":"2026-03-02T20:20:12","guid":{"rendered":"https:\/\/oydgestion.fr\/index.php\/page-de-maintenance\/"},"modified":"2026-03-02T20:33:26","modified_gmt":"2026-03-02T20:33:26","slug":"page-de-maintenance","status":"publish","type":"page","link":"https:\/\/oydgestion.fr\/","title":{"rendered":"Page de maintenance"},"content":{"rendered":"\n<div id=\"wp-block-themeisle-blocks-advanced-columns-0d617423\" class=\"wp-block-themeisle-blocks-advanced-columns alignfull has-1-columns has-desktop-equal-layout has-tablet-equal-layout has-mobile-equal-layout has-vertical-center\"><div class=\"wp-block-themeisle-blocks-advanced-columns-overlay\"><\/div><div class=\"innerblocks-wrap\">\n<div id=\"wp-block-themeisle-blocks-advanced-column-7a21d599\" class=\"wp-block-themeisle-blocks-advanced-column\">\n<figure class=\"wp-block-image aligncenter size-full is-resized\"><img loading=\"lazy\" decoding=\"async\" width=\"500\" height=\"500\" src=\"https:\/\/oydgestion.fr\/wp-content\/uploads\/2026\/03\/oyd_gestion_transparent-removebg-.png\" alt=\"\" class=\"wp-image-11\" style=\"width:344px;height:auto\" srcset=\"https:\/\/oydgestion.fr\/wp-content\/uploads\/2026\/03\/oyd_gestion_transparent-removebg-.png 500w, https:\/\/oydgestion.fr\/wp-content\/uploads\/2026\/03\/oyd_gestion_transparent-removebg--300x300.png 300w, https:\/\/oydgestion.fr\/wp-content\/uploads\/2026\/03\/oyd_gestion_transparent-removebg--150x150.png 150w\" sizes=\"auto, (max-width: 500px) 100vw, 500px\" \/><\/figure>\n\n\n\n<h1 id=\"wp-block-themeisle-blocks-advanced-heading-84bfa495\" class=\"wp-block-themeisle-blocks-advanced-heading wp-block-themeisle-blocks-advanced-heading-84bfa495 animated fadeIn\">SITE EN MAINTENANCE<\/h1>\n\n\n\n<div style=\"height:40px\" aria-hidden=\"true\" class=\"wp-block-spacer\"><\/div>\n\n\n\n<p id=\"wp-block-themeisle-blocks-advanced-heading-a458b450\" class=\"wp-block-themeisle-blocks-advanced-heading wp-block-themeisle-blocks-advanced-heading-a458b450\">Le site OYD Gestion est actuellement en cours de finalisation.<br>Nous pr\u00e9parons une plateforme d\u00e9di\u00e9e \u00e0 la gestion locative en \u00cele-de-France.<br>Nous revenons tr\u00e8s prochainement.<br>Pour toute demande urgente :<br><a><strong>contact@oydgestion.fr<\/strong><\/a><\/p>\n\n\n\n<div style=\"height:40px\" aria-hidden=\"true\" class=\"wp-block-spacer\"><\/div>\n<\/div>\n<\/div><\/div>\n","protected":false},"excerpt":{"rendered":"","protected":false},"author":1,"featured_media":0,"parent":0,"menu_order":0,"comment_status":"closed","ping_status":"closed","template":"templates\/wpmm-page-template.php","meta":{"_themeisle_gutenberg_block_has_review":false,"footnotes":""},"class_list":["post-23","page","type-page","status-publish","hentry"],"_links":{"self":[{"href":"https:\/\/oydgestion.fr\/index.php\/wp-json\/wp\/v2\/pages\/23","targetHints":{"allow":["GET"]}}],"collection":[{"href":"https:\/\/oydgestion.fr\/index.php\/wp-json\/wp\/v2\/pages"}],"about":[{"href":"https:\/\/oydgestion.fr\/index.php\/wp-json\/wp\/v2\/types\/page"}],"author":[{"embeddable":true,"href":"https:\/\/oydgestion.fr\/index.php\/wp-json\/wp\/v2\/users\/1"}],"replies":[{"embeddable":true,"href":"https:\/\/oydgestion.fr\/index.php\/wp-json\/wp\/v2\/comments?post=23"}],"version-history":[{"count":9,"href":"https:\/\/oydgestion.fr\/index.php\/wp-json\/wp\/v2\/pages\/23\/revisions"}],"predecessor-version":[{"id":32,"href":"https:\/\/oydgestion.fr\/index.php\/wp-json\/wp\/v2\/pages\/23\/revisions\/32"}],"wp:attachment":[{"href":"https:\/\/oydgestion.fr\/index.php\/wp-json\/wp\/v2\/media?parent=23"}],"curies":[{"name":"wp","href":"https:\/\/api.w.org\/{rel}","templated":true}]}}